 divided by 5?
1
Calculate the remainder when 25608 is divided by 130.
128
What is the remainder when 1483 is divided by 281?
78
What is the remainder when 22170 is divided by 4433?
5
What is the remainder when 41440 is divided by 55?
25
What is the remainder when 114958 is divided by 6050?
8
Calculate the remainder when 127629 is divided by 18230.
19
Calculate the remainder when 2467257 is divided by 32.
25
What is the remainder when 60055 is divided by 330?
325
What is the remainder when 2737 is divided by 685?
682
What is the remainder when 1288 is divided by 50?
38
Calculate the remainder when 3157684 is divided by 1319.
1317
What is the remainder when 1490 is divided by 381?
347
What is the remainder when 203109 is divided by 28?
25
What is the remainder when 616405 is divided by 89?
80
What is the remainder when 233414 is divided by 1577?
18
Calculate the remainder when 27997 is divided by 998.
53
Calculate the remainder when 188925 is divided by 677.
42
Calculate the remainder when 32641 is divided by 527.
494
Calculate the remainder when 17766 is divided by 336.
294
Calculate the remainder when 1183194 is divided by 290.
284
What is the remainder when 338881 is divided by 266?
263
Calculate the remainder when 2693 is divided by 1157.
379
Calculate the remainder when 7783 is divided by 24.
7
Calculate the remainder when 79483 is divided by 76.
63
Calculate the remainder when 81448 is divided by 10175.
48
What is the remainder when 11584 is divided by 109?
30
Calculate the remainder when 31234 is divided by 263.
200
Calculate the remainder when 1064 is divided by 529.
6
What is the remainder when 93355 is divided by 123?
121
Calculate the remainder when 48472 is divided by 22.
6
What is the remainder when 417039 is divided by 401?
400
What is the remainder when 5990 is divided by 459?
23
Calculate the remainder when 40057 is divided by 39966.
91
What is the remainder when 42584 is divided by 273?
269
Calculate the remainder when 2613 is divided by 538.
461
What is the remainder when 26314 is divided by 2018?
80
What is the remainder when 82051 is divided by 141?
130
What is the remainder when 188820 is divided by 47205?
0
Calculate the remainder when 141099 is divided by 17635.
19
Calculate the remainder when 8166 is divided by 324.
66
Calculate the remainder when 382265 is divided by 345.
5
Calculate the remainder when 19704 is divided by 532.
20
Calculate the remainder when 9211 is divided by 785.
576
Calculate the remainder when 9351 is divided by 401.
128
Calculate the remainder when 89255 is divided by 8925.
5
Calculate the remainder when 1936444 is divided by 32.
28
What is the remainder when 94689 is divided by 47268?
153
Calculate the remainder when 81910 is divided by 5453.
115
Calculate the remainder when 171442 is divided by 28571.
16
Calculate the remainder when 307607 is divided by 307.
300
Calculate the remainder when 56145 is divided by 610.
25
What is the remainder when 474043 is divided by 507?
505
Calculate the remainder when 5757 is divided by 718.
13
What is the remainder when 44691 is divided by 78?
75
What is the remainder when 106663 is divided by 133?
130
Calculate the remainder when 24 is divided by 18.
6
What is the remainder when 443842 is divided by 26?
22
What is the remainder when 40297 is divided by 620?
617
What is the remainder when 4277 is divided by 44?
9
What is the remainder when 2000788 is divided by 383?
379
Calculate the remainder when 624593 is divided by 29.
20
What is the remainder when 18858 is divided by 18852?
6
Calculate the remainder when 58794 is divided by 28.
22
Calculate the remainder when 119038 is divided by 7439.
14
Calculate the remainder when 111 is divided by 64.
47
Calculate the remainder when 2826 is divided by 1373.
80
Calculate the remainder when 5963486 is divided by 314.
312
What is the remainder when 6534 is divided by 930?
24
Calculate the remainder when 3029 is divided by 408.
173
Calculate the remainder when 17040 is divided by 105.
30
Calculate the remainder when 7075 is divided by 4.
3
Calculate the remainder when 648 is divided by 131.
124
Calculate the remainder when 8710 is divided by 167.
26
Calculate the remainder when 35145 is divided by 588.
453
What is the remainder when 1634 is divided by 1322?
312
What is the remainder when 1779 is divided by 1762?
17
What is the remainder when 30847 is divided by 33?
25
Calculate the remainder when 3137 is divided by 1568.
1
What is the remainder when 160 is divided by 17?
7
What is the remainder when 80421 is divided by 40112?
197
Calculate the remainder when 927778 is divided by 606.
598
Calculate the remainder when 17406 is divided by 442.
168
Calculate the remainder when 101407 is divided by 759.
460
Calculate the remainder when 38459 is divided by 9607.
31
Calculate the remainder when 74451 is divided by 88.
3
What is the remainder when 118786 is divided by 78?
70
What is the remainder when 3973 is divided by 3864?
109
Calculate the remainder when 6278 is divided by 3.
2
Calculate the remainder when 15667 is divided by 280.
267
What is the remainder when 28315 is divided by 9427?
34
Calculate the remainder when 17068 is divided by 1336.
1036
Calculate the remainder when 22693 is divided by 2521.
4
Calculate the remainder when 380155 is divided by 864.
859
What is the remainder when 35587 is divided by 17782?
23
Calculate the remainder when 235715 is divided by 52.
51
Calculate the remainder when 9751 is divided by 4855.
41
What is the remainder when 2012 is divided by 973?
66
What is the remainder when 2127 is divided by 47?
12
What is the remainder when 1687 is divided by 13?
10
Calculate the remainder when 2601 is divided by 77.
60
What is the remainder when 64017 is divided by 39?
18
What is the remainder when 2380 is divided by 2238?
142
What is the remainder when 5659 is divided by 17?
15
Calculate the remainder when 11249 is divided by 543.
389
What is the remainder when 6047395 is divided by 19?
18
What is the remainder when 108220 is divided by 54108?
4
Calculate the remainder when 3407 is divided by 569.
562
Calculate the remainder when 389109 is divided by 769.
764
Calculate the remainder when 79065 is divided by 432.
9
What is the remainder when 1784871 is divided by 186?
15
Calculate the remainder when 41851 is divided by 951.
7
Calculate the remainder when 4379 is divided by 90.
59
What is the remainder when 1700349 is divided by 123?
120
What is the remainder when 2287 is divided by 118?
45
Calculate the remainder when 2967 is divided by 22.
19
Calculate the remainder when 35255 is divided by 578.
575
What is the remainder when 110733 is divided by 3?
0
What is the remainder when 58106 is divided by 26?
22
What is the remainder when 314744 is divided by 557?
39
Calculate the remainder when 5061 is divided by 288.
165
What is the remainder when 5099 is divided by 772?
467
Calculate the remainder when 75030 is divided by 4.
2
What is the remainder when 241741 is divided by 40?
21
What is the remainder when 41742 is divided by 195?
12
What is the remainder when 6629 is divided by 5?
4
Calculate the remainder when 224503 is divided by 29.
14
Calculate the remainder when 17707 is divided by 311.
291
Calculate the remainder when 433 is divided by 115.
88
What is the remainder when 7449 is divided by 17?
3
What is the remainder when 139906 is divided by 73?
38
What is the remainder when 298416 is divided by 5738?
40
Calculate the remainder when 4845 is divided by 524.
129
What is the remainder when 88978 is divided by 377?
6
What is the remainder when 1044 is divided by 71?
50
What is the remainder when 4283 is divided by 1735?
813
What is the remainder when 16450 is divided by 18?
16
What is the remainder when 4514 is divided by 895?
39
Calculate the remainder when 7524 is divided by 7476.
48
What is the remainder when 410 is divided by 128?
26
What is the remainder when 552306 is divided by 184082?
60
What is the remainder when 5039 is divided by 501?
29
Calculate the remainder when 1960 is divided by 1469.
491
What is the remainder when 196768 is divided by 44?
0
Calculate the remainder when 7406 is divided by 205.
26
What is the remainder when 1793 is divided by 45?
38
Calculate the remainder when 26195 